se
Does 47 divide 423?
True
Is 10 a factor of 56740?
True
Is 6 a factor of 1404?
True
Does 47 divide 4089?
True
Is 36 a factor of 216?
True
Is 9416 a multiple of 88?
True
Does 85 divide 4132?
False
Is 55 a factor of 495?
True
Is 27208 a multiple of 7?
False
Is 277 a multiple of 10?
False
Does 43 divide 11021?
False
Does 75 divide 9375?
True
Is 968 a multiple of 22?
True
Is 19475 a multiple of 19?
True
Is 91 a factor of 39085?
False
Is 63019 a multiple of 31?
False
Is 28840 a multiple of 20?
True
Does 23 divide 9315?
True
Is 8 a factor of 1801?
False
Does 55 divide 3764?
False
Does 5 divide 1055?
True
Is 1825 a multiple of 67?
False
Is 18960 a multiple of 13?
False
Is 65 a factor of 12805?
True
Is 4 a factor of 1837?
False
Is 78 a multiple of 8?
False
Is 544 a multiple of 72?
False
Does 4 divide 345?
False
Is 1064 a multiple of 76?
True
Is 188 a factor of 12784?
True
Is 8 a factor of 25691?
False
Is 35 a factor of 420?
True
Is 22 a factor of 16648?
False
Does 23 divide 54262?
False
Does 73 divide 876?
True
Is 34 a factor of 1428?
True
Is 9049 a multiple of 19?
False
Does 17 divide 655?
False
Is 4735 a multiple of 16?
False
Is 4536 a multiple of 27?
True
Is 56 a factor of 189?
False
Does 95 divide 855?
True
Does 97 divide 2164?
False
Is 4162 a multiple of 304?
False
Is 5 a factor of 12305?
True
Does 85 divide 5030?
False
Is 111 a factor of 8991?
True
Does 5 divide 224?
False
Does 37 divide 6331?
False
Is 13 a factor of 5100?
False
Is 11362 a multiple of 38?
True
Is 5 a factor of 263?
False
Is 30504 a multiple of 372?
True
Is 10490 a multiple of 25?
False
Is 7 a factor of 1316?
True
Is 240 a factor of 6109?
False
Is 8 a factor of 27688?
True
Does 52 divide 2197?
False
Is 809 a multiple of 18?
False
Does 20 divide 6980?
True
Does 56 divide 38192?
True
Does 79 divide 5135?
True
Is 5 a factor of 1233?
False
Is 10719 a multiple of 17?
False
Is 13692 a multiple of 12?
True
Is 591 a multiple of 16?
False
Is 1134 a multiple of 18?
True
Is 89 a factor of 22695?
True
Is 1923 a multiple of 3?
True
Is 52188 a multiple of 10?
False
Is 511 a multiple of 73?
True
Does 50 divide 3400?
True
Is 75 a factor of 1800?
True
Is 78 a factor of 59436?
True
Does 8 divide 416?
True
Does 18 divide 804?
False
Is 13163 a multiple of 38?
False
Is 39 a factor of 3666?
True
Is 12 a factor of 648?
True
Is 45 a factor of 4275?
True
Does 14 divide 39676?
True
Is 18 a factor of 5859?
False
Does 17 divide 6003?
False
Is 129 a factor of 2593?
False
Is 200 a multiple of 4?
True
Is 3 a factor of 1386?
True
Is 1305 a multiple of 15?
True
Is 13 a factor of 7092?
False
Is 1160 a multiple of 6?
False
Does 13 divide 183?
False
Does 15 divide 2948?
False
Is 51 a factor of 10835?
False
Is 714 a multiple of 102?
True
Is 62 a factor of 186?
True
Does 19 divide 3002?
True
Is 125 a multiple of 3?
False
Is 6344 a multiple of 19?
False
Does 5 divide 19789?
False
Is 7811 a multiple of 73?
True
Is 198 a multiple of 11?
True
Is 828 a multiple of 6?
True
Does 6 divide 924?
True
Is 15 a factor of 444?
False
Is 8 a factor of 796?
False
Does 18 divide 2392?
False
Is 6084 a multiple of 31?
False
Is 45746 a multiple of 178?
True
Does 102 divide 37740?
True
Does 81 divide 6934?
False
Is 26944 a multiple of 32?
True
Is 6 a factor of 5712?
True
Is 45954 a multiple of 23?
True
Is 20 a factor of 2743?
False
Is 37 a factor of 4514?
True
Does 21 divide 47802?
False
Is 138906 a multiple of 18?
True
Is 4264 a multiple of 26?
True
Is 20 a factor of 791?
False
Is 1095 a multiple of 73?
True
Does 62 divide 1116?
True
Does 8 divide 32432?
True
Does 2 divide 17?
False
Is 24 a factor of 5184?
True
Does 22 divide 1122?
True
Does 60 divide 2040?
True
Does 159 divide 26235?
True
Is 17 a factor of 15631?
False
Does 28 divide 37107?
False
Is 4928 a multiple of 112?
True
Does 18 divide 417?
False
Is 8241 a multiple of 41?
True
Does 14 divide 10677?
False
Is 17 a factor of 781?
False
Is 38 a factor of 304?
True
Is 22 a factor of 17849?
False
Does 22 divide 880?
True
Does 12 divide 1248?
True
Is 42593 a multiple of 71?
False
Is 49 a factor of 67473?
True
Does 107 divide 28866?
False
Does 9 divide 432?
True
Is 395 a multiple of 3?
False
Does 21 divide 443?
False
Is 2747 a multiple of 26?
False
Is 14 a factor of 1506?
False
Does 39 divide 23361?
True
Is 14334 a multiple of 106?
False
Is 35442 a multiple of 62?
False
Is 1320 a multiple of 40?
True
Is 4608 even?
True
Does 96 divide 4560?
False
Is 384 a multiple of 64?
True
Is 759 a multiple of 33?
True
Is 24 a factor of 456?
True
Is 12909 a multiple of 79?
False
Is 34 a factor of 3854?
False
Is 16 a factor of 47099?
False
Is 9 a factor of 799?
False
Does 5 divide 1793?
False
Is 16484 a multiple of 2?
True
Does 19 divide 3952?
True
Does 204 divide 16524?
True
Is 56 a factor of 8904?
True
Is 2015 a multiple of 10?
False
Is 20 a factor of 1000?
True
Is 23 a factor of 5388?
False
Is 138 a multiple of 69?
True
Does 3 divide 47?
False
Is 220 a multiple of 4?
True
Does 12 divide 2700?
True
Is 47565 a multiple of 39?
False
Is 8 a factor of 112?
True
Is 47 a factor of 8648?
True
Does 22 divide 9413?
False
Is 730 a multiple of 28?
False
Is 69 a multiple of 3?
True
Is 9204 a multiple of 12?
True
Does 10 divide 193?
False
Is 5 a factor of 806?
False
Is 19 a factor of 69017?
False
Does 70 divide 116504?
False
Does 10 divide 1030?
True
Is 7732 a multiple of 10?
False
Does 29 divide 33785?
True
Is 44 a factor of 484?
True
Is 1822 a multiple of 13?
False
Does 142 divide 1904?
False
Is 37 a factor of 2479?
True
Is 12 a multiple of 4?
True
Is 1525 a multiple of 51?
False
Does 118 divide 25104?
False
Does 24 divide 5160?
True
Does 14 divide 14022?
False
Is 22 a factor of 682?
True
Does 26 divide 29756?
False
Is 125 a factor of 2875?
True
Is 74434 a multiple of 221?
False
Is 1760 a multiple of 44?
True
Does 13 divide 6227?
True
Is 18254 a multiple of 18?
False
Does 9 divide 1431?
True
Is 28 a factor of 6020?
True
Is 55520 a multiple of 9?
False
Is 264 a multiple of 11?
True
Is 861 a multiple of 7?
True
Does 34 divide 874?
False
Is 1071 a multiple of 3?
True
Is 55 a factor of 8435?
False
Is 89 a factor of 8099?
True
Is 530 a multiple of 60?
False
Is 33 a factor of 523?
False
Is 444 a multiple of 11?
False
Is 31 a factor of 2207?
False
Is 8 a factor of 261?
False
Does 36 divide 156056?
False
Is 57598 a multiple of 23?
False
Does 138 divide 2422?
False
Is 47 a factor of 3699?
False
Is 5 a factor of 633?
False
Does 22 divide 258?
False
Is 38 a factor of 950?
True
Is 4 a factor of 106?
False
Is 124 a factor of 59892?
True
Is 28 a factor of 5208?
True
Is 2800 a multiple of 28?
True
Is 19393 a multiple of 24?
False
Is 26 a factor of 2210?
True
Is 10912 a multiple of 16?
True
Is 16671 a multiple of 36?
False
Is 4 a factor of 15?
False
Is 76 a multiple of 9?
False
Does 13 divide 41574?
True
Does 14 divide 308?
True
Does 28 divide 10080?
True
Does 100 divide 2761?
False
Does 4 divide 896?
True
Is 121088 a multiple of 473?
True
Is 1053 a multiple of 64?
False
Is 18 a factor of 11664?
True
Does 38 divide 3108?
False
Does 17 divide 1181?
False
Does 19 divide 40318?
True
Does 11 divide 29865?
True
Is 3955 a multiple of 35?
True
Is 395 a multiple of 14?
False
Is 7031 a multiple of 15?
False
Does 49 divide 56350?
True
Is 918 a multiple of 54?
True
Does 6 divide 332?
False
Is 56 even?
True
Is 1961 a multiple of 37?
True
Is 2278 a multiple of 7?
False
Is 7 a factor of 3286?
False
Is 26 a factor of 309?
False
Is 1571 a multiple of 2?
False
Does 43 divide 288?
False
Is 6 a factor of 159?
False
Is 13 a factor of 1897?
False
Is 11 a factor of 374?
True
Is 21198 a multiple of 18?
False
Is 992 a multiple of 14?
False
Is 14350 a multiple of 70?
True
Is 68761 a multiple of 77?
True
Is 6547 a multiple of 13?
False
Is 1017 a multiple of 9?
True
Is 2752 a multiple of 43?
True
Is 4071 a multiple of 102?
False
Does 26 divide 9880?
True
Is 142 a factor of 2499?
False
Is 18 a factor of 270?
True
Is 3 a factor of 8016?
True
Is 17 a factor of 21998?
True
Is 14 a factor of 168?
True
Is 7 a factor of 1899?
False
Does 26 divide 2674?
False
Is 23744 a multiple of 235?
False
Is 4952 a multiple of 4?
True
Is 40 a factor of 6120?
True
Is 7 a factor of 159?
False
Is 33388 a multiple of 17?
True
Is 4084 a multiple of 88?
False
Is 109 a facto